{"id":117,"date":"2025-09-10T07:47:26","date_gmt":"2025-09-10T07:47:26","guid":{"rendered":"https:\/\/mode-avenue.cite-formations-tours.fr\/?page_id=117"},"modified":"2025-09-10T08:12:00","modified_gmt":"2025-09-10T08:12:00","slug":"interview-secrets-de-style-anne-hathaway","status":"publish","type":"page","link":"https:\/\/mode-avenue.cite-formations-tours.fr\/?page_id=117","title":{"rendered":"Interview : Les secrets de style"},"content":{"rendered":"<p>Ic\u00f4ne intemporelle du cin\u00e9ma et v\u00e9ritable r\u00e9f\u00e9rence de l\u2019\u00e9l\u00e9gance moderne, Anne Hathaway s\u2019associe \u00e0 Mode Avenue pour une collaboration exclusive. \u00c0 travers cette collection, elle incarne parfaitement le m\u00e9lange de raffinement, de confiance et de modernit\u00e9 qui d\u00e9finit notre vision de la mode. Une rencontre entre glamour hollywoodien et style contemporain, pens\u00e9e pour sublimer chaque silhouette.<\/p>\n<p>\t\t\t\t\t\t\t\t\t\t\t\t\t<img loading=\"lazy\" decoding=\"async\" width=\"1080\" height=\"1350\" src=\"https:\/\/mode-avenue.cite-formations-tours.fr\/wp-content\/uploads\/2025\/09\/Untitled-design.jpeg\" alt=\"\" srcset=\"https:\/\/mode-avenue.cite-formations-tours.fr\/wp-content\/uploads\/2025\/09\/Untitled-design.jpeg 1080w, https:\/\/mode-avenue.cite-formations-tours.fr\/wp-content\/uploads\/2025\/09\/Untitled-design-240x300.jpeg 240w, https:\/\/mode-avenue.cite-formations-tours.fr\/wp-content\/uploads\/2025\/09\/Untitled-design-819x1024.jpeg 819w, https:\/\/mode-avenue.cite-formations-tours.fr\/wp-content\/uploads\/2025\/09\/Untitled-design-768x960.jpeg 768w, https:\/\/mode-avenue.cite-formations-tours.fr\/wp-content\/uploads\/2025\/09\/Untitled-design-600x750.jpeg 600w\" sizes=\"auto, (max-width: 1080px) 100vw, 1080px\" \/><\/p>\n","protected":false},"excerpt":{"rendered":"<p>Ic\u00f4ne intemporelle du cin\u00e9ma et v\u00e9ritable r\u00e9f\u00e9rence de l\u2019\u00e9l\u00e9gance moderne, Anne Hathaway s\u2019associe \u00e0 Mode Avenue pour une collaboration exclusive. [&hellip;]<\/p>\n","protected":false},"author":8,"featured_media":0,"parent":0,"menu_order":0,"comment_status":"closed","ping_status":"closed","template":"","meta":{"_uag_custom_page_level_css":"","site-sidebar-layout":"no-sidebar","site-content-layout":"","ast-site-content-layout":"full-width-container","site-content-style":"default","site-sidebar-style":"default","ast-global-header-display":"","ast-banner-title-visibility":"","ast-main-header-display":"","ast-hfb-above-header-display":"","ast-hfb-below-header-display":"","ast-hfb-mobile-header-display":"","site-post-title":"","ast-breadcrumbs-content":"","ast-featured-img":"disabled","footer-sml-layout":"","ast-disable-related-posts":"","theme-transparent-header-meta":"","adv-header-id-meta":"","stick-header-meta":"","header-above-stick-meta":"","header-main-stick-meta":"","header-below-stick-meta":"","astra-migrate-meta-layouts":"default","ast-page-background-enabled":"default","ast-page-background-meta":{"desktop":{"background-color":"var(--ast-global-color-5)","background-image":"","background-repeat":"repeat","background-position":"center center","background-size":"auto","background-attachment":"scroll","background-type":"","background-media":"","overlay-type":"","overlay-color":"","overlay-opacity":"","overlay-gradient":""},"tablet":{"background-color":"","background-image":"","background-repeat":"repeat","background-position":"center center","background-size":"auto","background-attachment":"scroll","background-type":"","background-media":"","overlay-type":"","overlay-color":"","overlay-opacity":"","overlay-gradient":""},"mobile":{"background-color":"","background-image":"","background-repeat":"repeat","background-position":"center center","background-size":"auto","background-attachment":"scroll","background-type":"","background-media":"","overlay-type":"","overlay-color":"","overlay-opacity":"","overlay-gradient":""}},"ast-content-background-meta":{"desktop":{"background-color":"var(--ast-global-color-4)","background-image":"","background-repeat":"repeat","background-position":"center center","background-size":"auto","background-attachment":"scroll","background-type":"","background-media":"","overlay-type":"","overlay-color":"","overlay-opacity":"","overlay-gradient":""},"tablet":{"background-color":"var(--ast-global-color-4)","background-image":"","background-repeat":"repeat","background-position":"center center","background-size":"auto","background-attachment":"scroll","background-type":"","background-media":"","overlay-type":"","overlay-color":"","overlay-opacity":"","overlay-gradient":""},"mobile":{"background-color":"var(--ast-global-color-4)","background-image":"","background-repeat":"repeat","background-position":"center center","background-size":"auto","background-attachment":"scroll","background-type":"","background-media":"","overlay-type":"","overlay-color":"","overlay-opacity":"","overlay-gradient":""}},"footnotes":""},"class_list":["post-117","page","type-page","status-publish","hentry"],"yoast_head":"<!-- This site is optimized with the Yoast SEO plugin v27.6 - https:\/\/yoast.com\/product\/yoast-seo-wordpress\/ -->\n<title>Interview : Les secrets de style - Mode Avenue<\/title>\n<meta name=\"robots\" content=\"noindex, follow, max-snippet:-1, max-image-preview:large, max-video-preview:-1\" \/>\n<meta property=\"og:locale\" content=\"fr_FR\" \/>\n<meta property=\"og:type\" content=\"article\" \/>\n<meta property=\"og:title\" content=\"Interview : Les secrets de style - Mode Avenue\" \/>\n<meta property=\"og:description\" content=\"Ic\u00f4ne intemporelle du cin\u00e9ma et v\u00e9ritable r\u00e9f\u00e9rence de l\u2019\u00e9l\u00e9gance moderne, Anne Hathaway s\u2019associe \u00e0 Mode Avenue pour une collaboration exclusive. [&hellip;]\" \/>\n<meta property=\"og:url\" content=\"https:\/\/mode-avenue.cite-formations-tours.fr\/?page_id=117\" \/>\n<meta property=\"og:site_name\" content=\"Mode Avenue\" \/>\n<meta property=\"article:modified_time\" content=\"2025-09-10T08:12:00+00:00\" \/>\n<meta property=\"og:image\" content=\"https:\/\/mode-avenue.cite-formations-tours.fr\/wp-content\/uploads\/2025\/09\/Untitled-design.jpeg\" \/>\n<meta name=\"twitter:card\" content=\"summary_large_image\" \/>\n<meta name=\"twitter:label1\" content=\"Dur\u00e9e de lecture estim\u00e9e\" \/>\n\t<meta name=\"twitter:data1\" content=\"1 minute\" \/>\n<script type=\"application\/ld+json\" class=\"yoast-schema-graph\">{\"@context\":\"https:\\\/\\\/schema.org\",\"@graph\":[{\"@type\":\"WebPage\",\"@id\":\"https:\\\/\\\/mode-avenue.cite-formations-tours.fr\\\/?page_id=117\",\"url\":\"https:\\\/\\\/mode-avenue.cite-formations-tours.fr\\\/?page_id=117\",\"name\":\"Interview : Les secrets de style - Mode Avenue\",\"isPartOf\":{\"@id\":\"https:\\\/\\\/mode-avenue.cite-formations-tours.fr\\\/#website\"},\"primaryImageOfPage\":{\"@id\":\"https:\\\/\\\/mode-avenue.cite-formations-tours.fr\\\/?page_id=117#primaryimage\"},\"image\":{\"@id\":\"https:\\\/\\\/mode-avenue.cite-formations-tours.fr\\\/?page_id=117#primaryimage\"},\"thumbnailUrl\":\"https:\\\/\\\/mode-avenue.cite-formations-tours.fr\\\/wp-content\\\/uploads\\\/2025\\\/09\\\/Untitled-design.jpeg\",\"datePublished\":\"2025-09-10T07:47:26+00:00\",\"dateModified\":\"2025-09-10T08:12:00+00:00\",\"breadcrumb\":{\"@id\":\"https:\\\/\\\/mode-avenue.cite-formations-tours.fr\\\/?page_id=117#breadcrumb\"},\"inLanguage\":\"fr-FR\",\"potentialAction\":[{\"@type\":\"ReadAction\",\"target\":[\"https:\\\/\\\/mode-avenue.cite-formations-tours.fr\\\/?page_id=117\"]}]},{\"@type\":\"ImageObject\",\"inLanguage\":\"fr-FR\",\"@id\":\"https:\\\/\\\/mode-avenue.cite-formations-tours.fr\\\/?page_id=117#primaryimage\",\"url\":\"https:\\\/\\\/mode-avenue.cite-formations-tours.fr\\\/wp-content\\\/uploads\\\/2025\\\/09\\\/Untitled-design.jpeg\",\"contentUrl\":\"https:\\\/\\\/mode-avenue.cite-formations-tours.fr\\\/wp-content\\\/uploads\\\/2025\\\/09\\\/Untitled-design.jpeg\",\"width\":1080,\"height\":1350},{\"@type\":\"BreadcrumbList\",\"@id\":\"https:\\\/\\\/mode-avenue.cite-formations-tours.fr\\\/?page_id=117#breadcrumb\",\"itemListElement\":[{\"@type\":\"ListItem\",\"position\":1,\"name\":\"Accueil\",\"item\":\"https:\\\/\\\/mode-avenue.cite-formations-tours.fr\\\/\"},{\"@type\":\"ListItem\",\"position\":2,\"name\":\"Interview : Les secrets de style\"}]},{\"@type\":\"WebSite\",\"@id\":\"https:\\\/\\\/mode-avenue.cite-formations-tours.fr\\\/#website\",\"url\":\"https:\\\/\\\/mode-avenue.cite-formations-tours.fr\\\/\",\"name\":\"Mode Avenue\",\"description\":\"\",\"publisher\":{\"@id\":\"https:\\\/\\\/mode-avenue.cite-formations-tours.fr\\\/#organization\"},\"potentialAction\":[{\"@type\":\"SearchAction\",\"target\":{\"@type\":\"EntryPoint\",\"urlTemplate\":\"https:\\\/\\\/mode-avenue.cite-formations-tours.fr\\\/?s={search_term_string}\"},\"query-input\":{\"@type\":\"PropertyValueSpecification\",\"valueRequired\":true,\"valueName\":\"search_term_string\"}}],\"inLanguage\":\"fr-FR\"},{\"@type\":\"Organization\",\"@id\":\"https:\\\/\\\/mode-avenue.cite-formations-tours.fr\\\/#organization\",\"name\":\"Mode Avenue\",\"url\":\"https:\\\/\\\/mode-avenue.cite-formations-tours.fr\\\/\",\"logo\":{\"@type\":\"ImageObject\",\"inLanguage\":\"fr-FR\",\"@id\":\"https:\\\/\\\/mode-avenue.cite-formations-tours.fr\\\/#\\\/schema\\\/logo\\\/image\\\/\",\"url\":\"https:\\\/\\\/mode-avenue.cite-formations-tours.fr\\\/wp-content\\\/uploads\\\/2025\\\/08\\\/mode_avenue.jpg\",\"contentUrl\":\"https:\\\/\\\/mode-avenue.cite-formations-tours.fr\\\/wp-content\\\/uploads\\\/2025\\\/08\\\/mode_avenue.jpg\",\"width\":645,\"height\":238,\"caption\":\"Mode Avenue\"},\"image\":{\"@id\":\"https:\\\/\\\/mode-avenue.cite-formations-tours.fr\\\/#\\\/schema\\\/logo\\\/image\\\/\"}}]}<\/script>\n<!-- \/ Yoast SEO plugin. -->","yoast_head_json":{"title":"Interview : Les secrets de style - Mode Avenue","robots":{"index":"noindex","follow":"follow","max-snippet":"max-snippet:-1","max-image-preview":"max-image-preview:large","max-video-preview":"max-video-preview:-1"},"og_locale":"fr_FR","og_type":"article","og_title":"Interview : Les secrets de style - Mode Avenue","og_description":"Ic\u00f4ne intemporelle du cin\u00e9ma et v\u00e9ritable r\u00e9f\u00e9rence de l\u2019\u00e9l\u00e9gance moderne, Anne Hathaway s\u2019associe \u00e0 Mode Avenue pour une collaboration exclusive. [&hellip;]","og_url":"https:\/\/mode-avenue.cite-formations-tours.fr\/?page_id=117","og_site_name":"Mode Avenue","article_modified_time":"2025-09-10T08:12:00+00:00","og_image":[{"url":"https:\/\/mode-avenue.cite-formations-tours.fr\/wp-content\/uploads\/2025\/09\/Untitled-design.jpeg","type":"","width":"","height":""}],"twitter_card":"summary_large_image","twitter_misc":{"Dur\u00e9e de lecture estim\u00e9e":"1 minute"},"schema":{"@context":"https:\/\/schema.org","@graph":[{"@type":"WebPage","@id":"https:\/\/mode-avenue.cite-formations-tours.fr\/?page_id=117","url":"https:\/\/mode-avenue.cite-formations-tours.fr\/?page_id=117","name":"Interview : Les secrets de style - Mode Avenue","isPartOf":{"@id":"https:\/\/mode-avenue.cite-formations-tours.fr\/#website"},"primaryImageOfPage":{"@id":"https:\/\/mode-avenue.cite-formations-tours.fr\/?page_id=117#primaryimage"},"image":{"@id":"https:\/\/mode-avenue.cite-formations-tours.fr\/?page_id=117#primaryimage"},"thumbnailUrl":"https:\/\/mode-avenue.cite-formations-tours.fr\/wp-content\/uploads\/2025\/09\/Untitled-design.jpeg","datePublished":"2025-09-10T07:47:26+00:00","dateModified":"2025-09-10T08:12:00+00:00","breadcrumb":{"@id":"https:\/\/mode-avenue.cite-formations-tours.fr\/?page_id=117#breadcrumb"},"inLanguage":"fr-FR","potentialAction":[{"@type":"ReadAction","target":["https:\/\/mode-avenue.cite-formations-tours.fr\/?page_id=117"]}]},{"@type":"ImageObject","inLanguage":"fr-FR","@id":"https:\/\/mode-avenue.cite-formations-tours.fr\/?page_id=117#primaryimage","url":"https:\/\/mode-avenue.cite-formations-tours.fr\/wp-content\/uploads\/2025\/09\/Untitled-design.jpeg","contentUrl":"https:\/\/mode-avenue.cite-formations-tours.fr\/wp-content\/uploads\/2025\/09\/Untitled-design.jpeg","width":1080,"height":1350},{"@type":"BreadcrumbList","@id":"https:\/\/mode-avenue.cite-formations-tours.fr\/?page_id=117#breadcrumb","itemListElement":[{"@type":"ListItem","position":1,"name":"Accueil","item":"https:\/\/mode-avenue.cite-formations-tours.fr\/"},{"@type":"ListItem","position":2,"name":"Interview : Les secrets de style"}]},{"@type":"WebSite","@id":"https:\/\/mode-avenue.cite-formations-tours.fr\/#website","url":"https:\/\/mode-avenue.cite-formations-tours.fr\/","name":"Mode Avenue","description":"","publisher":{"@id":"https:\/\/mode-avenue.cite-formations-tours.fr\/#organization"},"potentialAction":[{"@type":"SearchAction","target":{"@type":"EntryPoint","urlTemplate":"https:\/\/mode-avenue.cite-formations-tours.fr\/?s={search_term_string}"},"query-input":{"@type":"PropertyValueSpecification","valueRequired":true,"valueName":"search_term_string"}}],"inLanguage":"fr-FR"},{"@type":"Organization","@id":"https:\/\/mode-avenue.cite-formations-tours.fr\/#organization","name":"Mode Avenue","url":"https:\/\/mode-avenue.cite-formations-tours.fr\/","logo":{"@type":"ImageObject","inLanguage":"fr-FR","@id":"https:\/\/mode-avenue.cite-formations-tours.fr\/#\/schema\/logo\/image\/","url":"https:\/\/mode-avenue.cite-formations-tours.fr\/wp-content\/uploads\/2025\/08\/mode_avenue.jpg","contentUrl":"https:\/\/mode-avenue.cite-formations-tours.fr\/wp-content\/uploads\/2025\/08\/mode_avenue.jpg","width":645,"height":238,"caption":"Mode Avenue"},"image":{"@id":"https:\/\/mode-avenue.cite-formations-tours.fr\/#\/schema\/logo\/image\/"}}]}},"uagb_featured_image_src":{"full":false,"thumbnail":false,"medium":false,"medium_large":false,"large":false,"1536x1536":false,"2048x2048":false},"uagb_author_info":{"display_name":"Theo SERY","author_link":"https:\/\/mode-avenue.cite-formations-tours.fr\/?author=8"},"uagb_comment_info":0,"uagb_excerpt":"Ic\u00f4ne intemporelle du cin\u00e9ma et v\u00e9ritable r\u00e9f\u00e9rence de l\u2019\u00e9l\u00e9gance moderne, Anne Hathaway s\u2019associe \u00e0 Mode Avenue pour une collaboration exclusive. [&hellip;]","_links":{"self":[{"href":"https:\/\/mode-avenue.cite-formations-tours.fr\/index.php?rest_route=\/wp\/v2\/pages\/117","targetHints":{"allow":["GET"]}}],"collection":[{"href":"https:\/\/mode-avenue.cite-formations-tours.fr\/index.php?rest_route=\/wp\/v2\/pages"}],"about":[{"href":"https:\/\/mode-avenue.cite-formations-tours.fr\/index.php?rest_route=\/wp\/v2\/types\/page"}],"author":[{"embeddable":true,"href":"https:\/\/mode-avenue.cite-formations-tours.fr\/index.php?rest_route=\/wp\/v2\/users\/8"}],"replies":[{"embeddable":true,"href":"https:\/\/mode-avenue.cite-formations-tours.fr\/index.php?rest_route=%2Fwp%2Fv2%2Fcomments&post=117"}],"version-history":[{"count":5,"href":"https:\/\/mode-avenue.cite-formations-tours.fr\/index.php?rest_route=\/wp\/v2\/pages\/117\/revisions"}],"predecessor-version":[{"id":166,"href":"https:\/\/mode-avenue.cite-formations-tours.fr\/index.php?rest_route=\/wp\/v2\/pages\/117\/revisions\/166"}],"wp:attachment":[{"href":"https:\/\/mode-avenue.cite-formations-tours.fr\/index.php?rest_route=%2Fwp%2Fv2%2Fmedia&parent=117"}],"curies":[{"name":"wp","href":"https:\/\/api.w.org\/{rel}","templated":true}]}}