{"id":410,"date":"2026-02-02T13:28:51","date_gmt":"2026-02-02T13:28:51","guid":{"rendered":"https:\/\/mode-avenue.cite-formations-tours.fr\/?page_id=410"},"modified":"2026-02-02T13:28:53","modified_gmt":"2026-02-02T13:28:53","slug":"mentions-legales","status":"publish","type":"page","link":"https:\/\/mode-avenue.cite-formations-tours.fr\/?page_id=410","title":{"rendered":"Mentions l\u00e9gales"},"content":{"rendered":"\n<p>Nom de l&rsquo;entreprise: Mode &#8211; Avenue <\/p>\n\n\n\n<p>Forme juridique: SARL<\/p>\n\n\n\n<p>Adresse du si\u00e8ge social: 8 all\u00e9e Rocher Lecot\u00e9 37100 Tours <\/p>\n\n\n\n<p>Num\u00e9ro d&rsquo;immatriculation : 123 456 789<\/p>\n\n\n\n<p>Nom du directeur de la publication: Jean Martin<\/p>\n\n\n\n<p>Coordonn\u00e9es de l&rsquo;h\u00e9bergeur<\/p>\n\n\n\n<p><\/p>\n","protected":false},"excerpt":{"rendered":"<p>Nom de l&rsquo;entreprise: Mode &#8211; Avenue Forme juridique: SARL Adresse du si\u00e8ge social: 8 all\u00e9e Rocher Lecot\u00e9 37100 Tours Num\u00e9ro [&hellip;]<\/p>\n","protected":false},"author":10,"featured_media":0,"parent":0,"menu_order":0,"comment_status":"closed","ping_status":"closed","template":"","meta":{"_uag_custom_page_level_css":"","site-sidebar-layout":"default","site-content-layout":"","ast-site-content-layout":"default","site-content-style":"default","site-sidebar-style":"default","ast-global-header-display":"","ast-banner-title-visibility":"","ast-main-header-display":"","ast-hfb-above-header-display":"","ast-hfb-below-header-display":"","ast-hfb-mobile-header-display":"","site-post-title":"","ast-breadcrumbs-content":"","ast-featured-img":"","footer-sml-layout":"","ast-disable-related-posts":"","theme-transparent-header-meta":"","adv-header-id-meta":"","stick-header-meta":"","header-above-stick-meta":"","header-main-stick-meta":"","header-below-stick-meta":"","astra-migrate-meta-layouts":"default","ast-page-background-enabled":"default","ast-page-background-meta":{"desktop":{"background-color":"var(--ast-global-color-5)","background-image":"","background-repeat":"repeat","background-position":"center center","background-size":"auto","background-attachment":"scroll","background-type":"","background-media":"","overlay-type":"","overlay-color":"","overlay-opacity":"","overlay-gradient":""},"tablet":{"background-color":"","background-image":"","background-repeat":"repeat","background-position":"center center","background-size":"auto","background-attachment":"scroll","background-type":"","background-media":"","overlay-type":"","overlay-color":"","overlay-opacity":"","overlay-gradient":""},"mobile":{"background-color":"","background-image":"","background-repeat":"repeat","background-position":"center center","background-size":"auto","background-attachment":"scroll","background-type":"","background-media":"","overlay-type":"","overlay-color":"","overlay-opacity":"","overlay-gradient":""}},"ast-content-background-meta":{"desktop":{"background-color":"var(--ast-global-color-4)","background-image":"","background-repeat":"repeat","background-position":"center center","background-size":"auto","background-attachment":"scroll","background-type":"","background-media":"","overlay-type":"","overlay-color":"","overlay-opacity":"","overlay-gradient":""},"tablet":{"background-color":"var(--ast-global-color-4)","background-image":"","background-repeat":"repeat","background-position":"center center","background-size":"auto","background-attachment":"scroll","background-type":"","background-media":"","overlay-type":"","overlay-color":"","overlay-opacity":"","overlay-gradient":""},"mobile":{"background-color":"var(--ast-global-color-4)","background-image":"","background-repeat":"repeat","background-position":"center center","background-size":"auto","background-attachment":"scroll","background-type":"","background-media":"","overlay-type":"","overlay-color":"","overlay-opacity":"","overlay-gradient":""}},"footnotes":""},"class_list":["post-410","page","type-page","status-publish","hentry"],"yoast_head":"<!-- This site is optimized with the Yoast SEO plugin v27.0 - https:\/\/yoast.com\/product\/yoast-seo-wordpress\/ -->\n<title>Mentions l\u00e9gales - Mode Avenue<\/title>\n<meta name=\"robots\" content=\"noindex, follow, max-snippet:-1, max-image-preview:large, max-video-preview:-1\" \/>\n<meta property=\"og:locale\" content=\"fr_FR\" \/>\n<meta property=\"og:type\" content=\"article\" \/>\n<meta property=\"og:title\" content=\"Mentions l\u00e9gales - Mode Avenue\" \/>\n<meta property=\"og:description\" content=\"Nom de l&rsquo;entreprise: Mode &#8211; Avenue Forme juridique: SARL Adresse du si\u00e8ge social: 8 all\u00e9e Rocher Lecot\u00e9 37100 Tours Num\u00e9ro [&hellip;]\" \/>\n<meta property=\"og:url\" content=\"https:\/\/mode-avenue.cite-formations-tours.fr\/?page_id=410\" \/>\n<meta property=\"og:site_name\" content=\"Mode Avenue\" \/>\n<meta property=\"article:modified_time\" content=\"2026-02-02T13:28:53+00:00\" \/>\n<meta name=\"twitter:card\" content=\"summary_large_image\" \/>\n<script type=\"application\/ld+json\" class=\"yoast-schema-graph\">{\"@context\":\"https:\/\/schema.org\",\"@graph\":[{\"@type\":\"WebPage\",\"@id\":\"https:\/\/mode-avenue.cite-formations-tours.fr\/?page_id=410\",\"url\":\"https:\/\/mode-avenue.cite-formations-tours.fr\/?page_id=410\",\"name\":\"Mentions l\u00e9gales - Mode Avenue\",\"isPartOf\":{\"@id\":\"https:\/\/mode-avenue.cite-formations-tours.fr\/#website\"},\"datePublished\":\"2026-02-02T13:28:51+00:00\",\"dateModified\":\"2026-02-02T13:28:53+00:00\",\"breadcrumb\":{\"@id\":\"https:\/\/mode-avenue.cite-formations-tours.fr\/?page_id=410#breadcrumb\"},\"inLanguage\":\"fr-FR\",\"potentialAction\":[{\"@type\":\"ReadAction\",\"target\":[\"https:\/\/mode-avenue.cite-formations-tours.fr\/?page_id=410\"]}]},{\"@type\":\"BreadcrumbList\",\"@id\":\"https:\/\/mode-avenue.cite-formations-tours.fr\/?page_id=410#breadcrumb\",\"itemListElement\":[{\"@type\":\"ListItem\",\"position\":1,\"name\":\"Accueil\",\"item\":\"https:\/\/mode-avenue.cite-formations-tours.fr\/\"},{\"@type\":\"ListItem\",\"position\":2,\"name\":\"Mentions l\u00e9gales\"}]},{\"@type\":\"WebSite\",\"@id\":\"https:\/\/mode-avenue.cite-formations-tours.fr\/#website\",\"url\":\"https:\/\/mode-avenue.cite-formations-tours.fr\/\",\"name\":\"Mode Avenue\",\"description\":\"\",\"publisher\":{\"@id\":\"https:\/\/mode-avenue.cite-formations-tours.fr\/#organization\"},\"potentialAction\":[{\"@type\":\"SearchAction\",\"target\":{\"@type\":\"EntryPoint\",\"urlTemplate\":\"https:\/\/mode-avenue.cite-formations-tours.fr\/?s={search_term_string}\"},\"query-input\":{\"@type\":\"PropertyValueSpecification\",\"valueRequired\":true,\"valueName\":\"search_term_string\"}}],\"inLanguage\":\"fr-FR\"},{\"@type\":\"Organization\",\"@id\":\"https:\/\/mode-avenue.cite-formations-tours.fr\/#organization\",\"name\":\"Mode Avenue\",\"url\":\"https:\/\/mode-avenue.cite-formations-tours.fr\/\",\"logo\":{\"@type\":\"ImageObject\",\"inLanguage\":\"fr-FR\",\"@id\":\"https:\/\/mode-avenue.cite-formations-tours.fr\/#\/schema\/logo\/image\/\",\"url\":\"https:\/\/mode-avenue.cite-formations-tours.fr\/wp-content\/uploads\/2025\/08\/mode_avenue.jpg\",\"contentUrl\":\"https:\/\/mode-avenue.cite-formations-tours.fr\/wp-content\/uploads\/2025\/08\/mode_avenue.jpg\",\"width\":645,\"height\":238,\"caption\":\"Mode Avenue\"},\"image\":{\"@id\":\"https:\/\/mode-avenue.cite-formations-tours.fr\/#\/schema\/logo\/image\/\"}}]}<\/script>\n<!-- \/ Yoast SEO plugin. -->","yoast_head_json":{"title":"Mentions l\u00e9gales - Mode Avenue","robots":{"index":"noindex","follow":"follow","max-snippet":"max-snippet:-1","max-image-preview":"max-image-preview:large","max-video-preview":"max-video-preview:-1"},"og_locale":"fr_FR","og_type":"article","og_title":"Mentions l\u00e9gales - Mode Avenue","og_description":"Nom de l&rsquo;entreprise: Mode &#8211; Avenue Forme juridique: SARL Adresse du si\u00e8ge social: 8 all\u00e9e Rocher Lecot\u00e9 37100 Tours Num\u00e9ro [&hellip;]","og_url":"https:\/\/mode-avenue.cite-formations-tours.fr\/?page_id=410","og_site_name":"Mode Avenue","article_modified_time":"2026-02-02T13:28:53+00:00","twitter_card":"summary_large_image","schema":{"@context":"https:\/\/schema.org","@graph":[{"@type":"WebPage","@id":"https:\/\/mode-avenue.cite-formations-tours.fr\/?page_id=410","url":"https:\/\/mode-avenue.cite-formations-tours.fr\/?page_id=410","name":"Mentions l\u00e9gales - Mode Avenue","isPartOf":{"@id":"https:\/\/mode-avenue.cite-formations-tours.fr\/#website"},"datePublished":"2026-02-02T13:28:51+00:00","dateModified":"2026-02-02T13:28:53+00:00","breadcrumb":{"@id":"https:\/\/mode-avenue.cite-formations-tours.fr\/?page_id=410#breadcrumb"},"inLanguage":"fr-FR","potentialAction":[{"@type":"ReadAction","target":["https:\/\/mode-avenue.cite-formations-tours.fr\/?page_id=410"]}]},{"@type":"BreadcrumbList","@id":"https:\/\/mode-avenue.cite-formations-tours.fr\/?page_id=410#breadcrumb","itemListElement":[{"@type":"ListItem","position":1,"name":"Accueil","item":"https:\/\/mode-avenue.cite-formations-tours.fr\/"},{"@type":"ListItem","position":2,"name":"Mentions l\u00e9gales"}]},{"@type":"WebSite","@id":"https:\/\/mode-avenue.cite-formations-tours.fr\/#website","url":"https:\/\/mode-avenue.cite-formations-tours.fr\/","name":"Mode Avenue","description":"","publisher":{"@id":"https:\/\/mode-avenue.cite-formations-tours.fr\/#organization"},"potentialAction":[{"@type":"SearchAction","target":{"@type":"EntryPoint","urlTemplate":"https:\/\/mode-avenue.cite-formations-tours.fr\/?s={search_term_string}"},"query-input":{"@type":"PropertyValueSpecification","valueRequired":true,"valueName":"search_term_string"}}],"inLanguage":"fr-FR"},{"@type":"Organization","@id":"https:\/\/mode-avenue.cite-formations-tours.fr\/#organization","name":"Mode Avenue","url":"https:\/\/mode-avenue.cite-formations-tours.fr\/","logo":{"@type":"ImageObject","inLanguage":"fr-FR","@id":"https:\/\/mode-avenue.cite-formations-tours.fr\/#\/schema\/logo\/image\/","url":"https:\/\/mode-avenue.cite-formations-tours.fr\/wp-content\/uploads\/2025\/08\/mode_avenue.jpg","contentUrl":"https:\/\/mode-avenue.cite-formations-tours.fr\/wp-content\/uploads\/2025\/08\/mode_avenue.jpg","width":645,"height":238,"caption":"Mode Avenue"},"image":{"@id":"https:\/\/mode-avenue.cite-formations-tours.fr\/#\/schema\/logo\/image\/"}}]}},"uagb_featured_image_src":{"full":false,"thumbnail":false,"medium":false,"medium_large":false,"large":false,"1536x1536":false,"2048x2048":false},"uagb_author_info":{"display_name":"EXAMEN BTS","author_link":"https:\/\/mode-avenue.cite-formations-tours.fr\/?author=10"},"uagb_comment_info":0,"uagb_excerpt":"Nom de l&rsquo;entreprise: Mode &#8211; Avenue Forme juridique: SARL Adresse du si\u00e8ge social: 8 all\u00e9e Rocher Lecot\u00e9 37100 Tours Num\u00e9ro [&hellip;]","_links":{"self":[{"href":"https:\/\/mode-avenue.cite-formations-tours.fr\/index.php?rest_route=\/wp\/v2\/pages\/410","targetHints":{"allow":["GET"]}}],"collection":[{"href":"https:\/\/mode-avenue.cite-formations-tours.fr\/index.php?rest_route=\/wp\/v2\/pages"}],"about":[{"href":"https:\/\/mode-avenue.cite-formations-tours.fr\/index.php?rest_route=\/wp\/v2\/types\/page"}],"author":[{"embeddable":true,"href":"https:\/\/mode-avenue.cite-formations-tours.fr\/index.php?rest_route=\/wp\/v2\/users\/10"}],"replies":[{"embeddable":true,"href":"https:\/\/mode-avenue.cite-formations-tours.fr\/index.php?rest_route=%2Fwp%2Fv2%2Fcomments&post=410"}],"version-history":[{"count":1,"href":"https:\/\/mode-avenue.cite-formations-tours.fr\/index.php?rest_route=\/wp\/v2\/pages\/410\/revisions"}],"predecessor-version":[{"id":411,"href":"https:\/\/mode-avenue.cite-formations-tours.fr\/index.php?rest_route=\/wp\/v2\/pages\/410\/revisions\/411"}],"wp:attachment":[{"href":"https:\/\/mode-avenue.cite-formations-tours.fr\/index.php?rest_route=%2Fwp%2Fv2%2Fmedia&parent=410"}],"curies":[{"name":"wp","href":"https:\/\/api.w.org\/{rel}","templated":true}]}}